g. What is the remainder when 177 is divided by h?
57
Let t be ((-1)/1)/((-3)/15). Suppose 0 = t*i - 225 - 560. Calculate the remainder when i is divided by 40.
37
Suppose 2*n = 6*n - 44. Let h(x) = -20*x - 17. Let z(g) = -7*g - 6. Let m(c) = -6*h(c) + 17*z(c). Calculate the remainder when 31 is divided by m(n).
9
Suppose -8*x + 58 + 6 = 0. Calculate the remainder when 48 is divided by x.
0
Suppose b - 286 = -3*m - 0*b, 4*b - 16 = 0. What is the remainder when m is divided by 12606/792 - 2/(-24)?
14
Suppose -574 - 3948 = -17*j. Calculate the remainder when j is divided by 30.
26
Let j = 57 - -1. Calculate the remainder when 2 + (j - -5) + -5 is divided by 23.
14
Suppose 4*j + 94 = 4*p + 6*j, -4*p - 4*j = -100. What is the remainder when 127 is divided by p?
17
Let d = -151 - -190. What is the remainder when 54 is divided by d?
15
Let v = 19 - 19. Suppose v = 4*k - k - 48. Calculate the remainder when 63 is divided by k.
15
What is the remainder when 37*(3 + (3 - 7))*-4 is divided by 89?
59
Suppose -5*a = 4*t - 169, 5*a - 3*t - 101 = 61. Calculate the remainder when 87 is divided by a.
21
Let p be 2 + -2 + -1 - (-72 - 1). Let o = 85 - p. What is the remainder when o is divided by 6?
1
Suppose -7*p + p + 96 = 0. What is the remainder when 91 is divided by p?
11
Let b(i) = i**3 - 9*i**2 - 9*i - 4. What is the remainder when 37 is divided by b(10)?
1
Let r(i) = -36*i - 1. Let t be r(-4). Suppose -3*o + t = 44. Let l = -11 + o. Calculate the remainder when 63 is divided by l.
19
Suppose 3*m - 226 = 17. Suppose 3*p = 30 + m. Let y(b) = b**3 + b + 20. Calculate the remainder when p is divided by y(0).
17
Suppose 2*l - 40 = -j, -j = 4*l - 36 + 2. Calculate the remainder when 51 is divided by 2/(4/j) + (-21)/7.
11
Suppose -5 = -5*t + m + 17, 15 = 5*m. Suppose 3*p + 130 = t*p. Calculate the remainder when p is divided by 34.
31
What is the remainder when 95 is divided by (-16 - -23)/(2/14)?
46
Suppose -3*i = -q + 28, -5*q + 178 = 2*i + 2*i. Let s = 82 + -94. What is the remainder when q is divided by (-36)/((-6)/s + (-10)/4)?
16
Let x = 24 - 22. Let c = -17 - -31. Calculate the remainder when -5 + x + c/2 is divided by 3.
1
Suppose 9*i = 7*i - 4. Calculate the remainder when i/(2*(-3)/78) is divided by 7.
5
Let q = 5220 - 3549. What is the remainder when q is divided by 19?
18
Let x be (-104)/65*(5 - 0). Let t(f) = f**3 + 3*f**2 - 6*f + 7. Let p be t(-5). What is the remainder when 50 is divided by (p/2)/(4/x)?
11
Let l(h) = -3*h. Suppose 5*d - 25 = 5*x, -13*d + 27 = -8*d - 3*x. Calculate the remainder when l(-7) is divided by d.
3
Let s(r) = r**2 - 12*r + 22. Let q be s(11). Let z = q - -13. What is the remainder when 46 is divided by z?
22
Let z(r) = 62*r + 13. Calculate the remainder when 361 is divided by z(0).
10
Let f = -16 - -20. Suppose 4*m - 22 = -3*c, -2 - 6 = f*m. Suppose 39 = -7*h + c*h. What is the remainder when 36 is divided by h?
10
Suppose 3*c + 2*g - 190 = 0, -6*c + 5*c = -2*g - 50. What is the remainder when 297 is divided by c?
57
Let c be -3 + 1/2*-26. Let d(f) = f**2 + 11*f - 48. What is the remainder when 90 is divided by d(c)?
26
Let s(y) = 2*y**2 - 22*y + 31. What is the remainder when 61 is divided by s(10)?
6
Suppose -3*r + 8 = 23. Let p be (-4)/(-16) - r/(-4). What is the remainder when p + 4 + (2 - -6) is divided by 3?
2
Suppose 0 = y + 4*y - 100. Let r = -790 + 888. What is the remainder when r is divided by y?
18
Suppose -n + q = -31, 14 = -5*q - 6. What is the remainder when 322 is divided by n?
25
Suppose 1 = -2*p + k + 4, -2*p - 6 = 2*k. Suppose -51 = -3*m - p*m. What is the remainder when 84 is divided by m?
16
Suppose 5*i + 55 = 3*l, -2*i = 3*l - 7*l + 64. What is the remainder when l is divided by -1 - (-11 + -2 + 1)?
4
Suppose -7*u + 12*u - 105 = 0. What is the remainder when u - 10 - (-4)/1 is divided by 5?
0
Let n = -183 - -287. What is the remainder when n is divided by 35?
34
Let a(d) = -82*d + 1. Suppose -4*i + 56 = 3*j, 3*j + 5*i = 41 + 20. Calculate the remainder when a(-1) is divided by j.
11
Let q = -5 - 11. Let u be q/6*(-186)/(-4). Let y = u + 190. What is the remainder when y is divided by 23?
20
Suppose -2*u = 4*r - 89 + 3, -5*r + u + 111 = 0. Calculate the remainder when 1740/(-45)*54/(-24) is divided by r.
21
Let d(o) = o**3 - 18*o**2 - 29*o + 3. Let k be d(20). Suppose 425 = 5*a + 4*b, 4*a = 4*b + 81 + k. Calculate the remainder when a is divided by 28.
25
Let p be (3/(-1))/((-3)/10). Let g(k) = 2*k**2 - 13*k + 10. Suppose 0 = 3*d - l - 30 - 49, -5*l = -10. Calculate the remainder when g(p) is divided by d.
26
Let w be (-75 - (-1 - -4)) + 2. Let f = w - -87. What is the remainder when 31 is divided by f?
9
Suppose -w = -3*w. Suppose w = -5*i + 34 + 1. What is the remainder when 5 is divided by i - (-1 - 3)/(-1)?
2
Let i(x) = -3*x - 27. Let y(n) = -12*n - 109. Let d(a) = -9*i(a) + 2*y(a). Calculate the remainder when d(0) is divided by 7.
4
Let m = 27 + -13. Calculate the remainder when 33 is divided by 3/(4 + (-50)/m).
5
Suppose -3*h - 34*s = -31*s - 390, 0 = 5*h + 3*s - 648. Calculate the remainder when h is divided by 34.
27
Suppose 5 = 5*s - 5. Let h(k) = 8*k - 7. Calculate the remainder when 53 is divided by h(s).
8
Let a(r) = -r - 14. Let u be a(-6). Let g be 14/u*(-28)/(-7). Let v = g - -8. What is the remainder when 3 is divided by v?
0
Let m(p) = -p**2 - 5*p + 3. Let t(f) = f**3 - 3*f**2 - 2*f. Let u be t(3). Let c be m(u). What is the remainder when 26 is divided by 2 + c/1 + 15?
12
Suppose -k = 3*k - 8. Let r(t) = 3*t**3 + t**2 + 4*t - 3. Calculate the remainder when (-80)/15*-1*18 is divided by r(k).
30
Suppose 20 = -5*p + 75. Let w(t) = t**3 - 12*t**2 + 17*t - 9. What is the remainder when w(p) is divided by 30?
27
Suppose 2*w - 5*h - 22 = 0, 7*w - 2*h - 22 = 5*w. Suppose 0 = 2*k + 4, 0*k + k = 2*j - 88. Calculate the remainder when j is divided by w.
10
Let j(w) = 2*w - 9. Let z = -4 + 15. Let u = z - 2. What is the remainder when 34 is divided by j(u)?
7
Let l = -980 + 1004. Calculate the remainder when 910 is divided by l.
22
Calculate the remainder when 23 is divided by (92/(-20))/((-14)/70).
0
Suppose 3*c = 5*j - 156, -2*c - c = -9. Calculate the remainder when j is divided by (-11 - (7 + -3))*9/(-27).
3
Let i(b) = 70*b**2 - 2*b + 2. Let r be i(1). Let l = r + 40. Let q(z) = -4*z + 4. Calculate the remainder when l is divided by q(-6).
26
Suppose 0*f + 161 = f - 2*k, -5*f - k = -805. What is the remainder when f is divided by 45?
26
Suppose -1116 = 8*z - 3388. Calculate the remainder when z is divided by 84.
32
What is the remainder when 96 is divided by 1*(3 - 8) + (-672)/(-21)?
15
Let v = 131 - 168. Let a = v - -50. Calculate the remainder when 37 is divided by a.
11
Let j(p) = -18*p - 177. What is the remainder when j(-16) is divided by 38?
35
Let y = -40 + 68. What is the remainder when 39 is divided by y?
11
Let r = 39 - 15. Suppose 5*q - 46 = r. Let x = q - 5. What is the remainder when 16 is divided by x?
7
Let l = -12 + 40. Suppose -16 = -4*k + l. What is the remainder when 31 is divided by k?
9
Let z(t) = -t**3 + 7*t**2 - 5*t - 2. Let k be z(6). Suppose -4*a + 2*q + 16 = -2*q, -3*q - 4 = a. What is the remainder when 76*1/k*a is divided by 14?
10
Suppose 0 = 41*j - 10*j - 124. What is the remainder when 89 is divided by j?
1
Let i = -10 + 11. Let k be (i + 8/(-6))*-36. What is the remainder when 75 is divided by (8/k)/((-1)/(-39))?
23
Suppose -72 = -f + 5*r + 53, -5*f + 559 = -3*r. Let z = -58 + f. Calculate the remainder when 153 is divided by z.
49
Suppose -4*y - 1 - 3 = 0. Let b be ((-96)/18)/(y/6). Let v = b - 19. Calculate the remainder when 38 is divided by v.
12
Suppose 50 = 5*c + 2*m + m, 4*c - 5*m - 77 = 0. Suppose -201*l - 195 = -266*l. Calculate the remainder when c is divided by l.
1
Suppose 83*l + 2163 = 90*l. What is the remainder when l is divided by 8?
5
Let m(z) = 2*z**2 - 22*z - 2. Let l be m(11). What is the remainder when ((-3052)/(-56))/(l/8*-2) is divided by 55?
54
Let s be -2 - (-2 + 2) - -2. Let x be -2 - ((s - 3) + 24). Let c = x - -81. Calculate the remainder when c is divided by 12.
10
Let n = -30 + 30. Suppose n = 4*y + 4*d - 148, 0*d + 83 = 2*y - d. What is the remainder when y is divided by 14?
12
What is the remainder when 333 is divided b